n be x(6). Suppose 12 = 3*y, -2*p - 3*y = -n - 20. Calculate the highest common factor of 152 and p.
19
Let o = 3731 - 2354. What is the greatest common divisor of 81 and o?
81
Let x = -7 - -2. Let t be (4/5)/((-1)/x). Suppose -t*y + 24 = -0*y. Calculate the highest common factor of y and 6.
6
Suppose 0 = -o - 3*t + 115, 4*o + 2*t - 163 - 287 = 0. What is the greatest common factor of 308 and o?
28
Suppose -4*v + 36 = 4*t, -5*t = -5*v - 13 - 12. Suppose 0 = 16*b - 17*b + t. Suppose 0 = -b*w + 8*w - 85. What is the highest common divisor of 17 and w?
17
Let t(i) = -i**2 - 14*i - 14. Let l be t(-14). Let a = l - -19. Suppose 0 = -a*g + 5*j + 9 + 61, 4*j + 1 = -g. What is the highest common factor of 55 and g?
11
Let x(z) = -z**2 + z. Let q(j) = -9*j**2 + 21*j + 5. Let u(v) = 3*q(v) - 24*x(v). Let w be u(13). What is the greatest common factor of w and 9?
3
Let c(u) = u**2 + 26*u - 169. Let z be c(-32). What is the greatest common divisor of z and 529?
23
Suppose 0 = 3*y + 64 - 172. What is the highest common factor of y and 63?
9
Suppose -2*g - 2*j = -26, 0*g - 4*j + 36 = 3*g. Suppose 0*k - k + g = 0. Calculate the greatest common factor of k and 8.
8
Suppose -5*j = -2*x - 10, 0 = 4*j - 3*x - 7 - 1. Let d = -7 + 6. Let k = d + 4. What is the highest common factor of k and j?
1
Suppose 30 = 8*g - 3*g. Suppose 2*y + 840 = g*y. Let r = -23 - -53. What is the highest common factor of r and y?
30
Let s(w) = 8*w + 268. Let c be s(-12). What is the greatest common divisor of 43 and c?
43
Suppose 4*d - 5*d = 3*f - 2209, -3*d = 3*f - 2199. What is the highest common factor of 18 and f?
18
Let t be (3 - 1) + 1/1. Let c be (101 - t)/(4/6). What is the greatest common factor of c and 21?
21
Suppose 7*b - 280 + 63 = 0. What is the greatest common divisor of 217 and b?
31
Let n(o) = o**3 - 14*o**2 + 33*o - 8. Let u be n(12). What is the highest common divisor of 20 and u?
20
Let x = -17 + 20. Suppose -k + 709 = x*a, 0 = 4*a - 4*k - k - 977. What is the greatest common divisor of 34 and a?
34
Let z(i) = i**3 + 5*i**2 - 2*i + 4. Let s be z(-5). Calculate the greatest common factor of s and 4.
2
Suppose 2*n + 240 = 7*n. What is the greatest common factor of n and 12?
12
Suppose 0 = 2*r + 5*k - 909, -r - 6*k + 462 = -2*k. What is the highest common factor of 26 and r?
26
Let k(u) = 4*u**3 - 27*u**2 - 6*u + 3. Let n be k(7). Suppose -2*m = -5*z - 50, -z + 130 = 4*m + 4*z. What is the greatest common divisor of m and n?
10
Let t be (14/8)/((-4)/(-32)). Let z = -76 + 118. What is the greatest common factor of t and z?
14
Let b(k) = -k. Suppose 2*j + 41 = -5*w, -3*j + w - 34 = 19. Let l be b(j). Suppose -2*q + 5 = -31. What is the highest common factor of q and l?
18
Let h(j) = 8*j**2 - 18*j + 13. Let s be h(7). What is the greatest common factor of s and 31?
31
Let i be (-2970)/(-12)*(-10 + 12). Calculate the greatest common divisor of i and 297.
99
Let i be (-8)/(-16) + (-141)/(-6). Let u = -16 + i. What is the highest common divisor of 1 and u?
1
Let p = 8 - -4. Let l be (p/(-9))/(8/(-24)). Suppose -26 - 46 = -l*v. Calculate the greatest common factor of v and 6.
6
Suppose 0 = -5*l - 32 + 292. Suppose -4*g + l = -20. Suppose -2*j - 2*i - 2 = 0, -j + 3*i + 14 = -i. Calculate the highest common factor of j and g.
2
Suppose 42*n - 84 = 420. What is the highest common divisor of n and 18?
6
Let o = 854 + -818. What is the greatest common divisor of 252 and o?
36
Let r be (-8)/((-4)/(-7 - -39)). What is the greatest common divisor of 208 and r?
16
Let z be ((-8)/20)/((-1)/50). Suppose -18*s + 0 = -72. What is the greatest common divisor of s and z?
4
Suppose -3*n + 15 = 0, m + 5*n + 55 = 5*m. Let k = 2 + -4. Let q be (-198)/(-5) + k/(-5). What is the highest common factor of q and m?
20
Let s be 2/(-5) - (4 - (-1635)/(-25)). Calculate the highest common factor of s and 549.
61
Suppose 3*s = -3*g + 105, 0 = 3*s + 4*g - 7*g - 87. What is the greatest common divisor of 48 and s?
16
Suppose -c + 4*k = -200 - 106, 4*c = -k + 1241. Calculate the highest common divisor of 186 and c.
62
Let c(w) be the first derivative of w**4/4 + 4*w**3/3 + 3*w**2 + 10*w - 11. Let p be c(-3). What is the greatest common divisor of p and 7?
1
Suppose 0 = 6*x - x + h + 1775, -h + 5 = 0. Let c = x - -925. Let q = -338 + c. What is the greatest common factor of q and 21?
21
Suppose 4*x - 3*c - 410 = 0, -4*x = -c - 641 + 227. Calculate the highest common divisor of 16 and x.
8
Suppose 8 + 10 = 3*l. Calculate the highest common divisor of l and 96.
6
Let l be 85*(6/8)/(12/32). Calculate the highest common factor of 102 and l.
34
Let c = 1486 - 1458. Let s be (3 + (3 - 2))/1. What is the greatest common factor of c and s?
4
Let r(i) = i**2 + 7*i - 3. Let c be r(-9). Let t = -220 + 230. Calculate the highest common divisor of c and t.
5
Let i(b) = 2*b**3 + 10*b**2 - b + 11. Let r be i(-5). What is the highest common divisor of r and 400?
16
Suppose 10*w = 13*w - 24. What is the highest common factor of 200 and w?
8
Let k(i) = i**2 - 3*i - 22. Let t be k(-14). Calculate the greatest common divisor of t and 24.
24
Let h be 13 + -1 - 0/1. Let i = h - 2. Suppose i*l = 15*l - 50. Calculate the greatest common factor of l and 15.
5
Let z(y) = 3*y + 11. Let x be z(-12). Let f = 9 + x. Let i be f/40 - (-52)/5. Calculate the highest common divisor of i and 90.
10
Let c be 1*(-1)/3 - (-7)/3. Suppose -5*w + k + 56 = 0, -c*w = w - 3*k - 36. What is the greatest common factor of 33 and w?
11
Suppose l - 3*l = -52. Suppose h + 72 = -188. Let u be ((-2)/(-4))/((-2)/h). Calculate the greatest common divisor of l and u.
13
Let a = -43 + 99. Suppose 5*n - a = 49. What is the greatest common divisor of 21 and n?
21
Suppose -101 - 187 = -4*u. Let s = -92 + 110. What is the greatest common factor of s and u?
18
Let h(f) = 10 - 5*f - 6*f - 3. Let w be h(-3). Suppose -j = -6 - 4. What is the greatest common factor of j and w?
10
Let r(k) = 0*k**3 + 6*k + 6*k**2 - k**3 - 5*k + 6. Let s be r(6). Suppose d - 24 = -d. What is the highest common factor of s and d?
12
Suppose 2*g + i + 2 = 0, 11*i = 7*i - 8. Suppose 5*a = -2*v - g*a + 155, -2*v - 4*a + 154 = 0. Calculate the highest common factor of 30 and v.
15
Let s be 4/(-14) - (-16)/56. Suppose -5*g - 3*p = -171, -4*g + p - 3*p + 138 = s. What is the highest common divisor of g and 180?
36
Suppose 38*h - 37*h - 12 = 0. Suppose -h*z + 120 = -7*z. What is the greatest common factor of z and 36?
12
Let x(b) = b**2 - 8*b + 20. Let h be x(8). What is the greatest common factor of 1280 and h?
20
Let t(s) = -9*s - 6. Let y be t(-4). Calculate the highest common factor of y and 80.
10
Let o = -947 + 1041. Calculate the greatest common factor of o and 94.
94
Let d be -3*(-136)/(-96)*-4. Let y be 0/(-2) - (-3)/1. Suppose 0 = -4*i - 5*t + 14 + 210, -5*t - 133 = -y*i. Calculate the highest common factor of d and i.
17
Suppose 2*f - 17 + 115 = 0. Let a = 70 + f. What is the highest common factor of 189 and a?
21
Let l = 60 + -53. Suppose 5*x - 55 - 100 = -5*z, 5*z - 131 = 3*x. Calculate the greatest common divisor of l and z.
7
Suppose -5*s + 2*f + 104 = 0, -6*f = -11*f - 10. What is the greatest common divisor of 40 and s?
20
Let o(g) be the second derivative of 8*g + 3/2*g**3 + 0 - 7*g**2. Let d be o(7). Calculate the greatest common factor of 7 and d.
7
Let u = -26 - -38. Let p be (-12)/(-4 + 39/u). Calculate the highest common factor of p and 112.
16
Let r be -3 + 1 + 303 + -1. What is the highest common divisor of r and 5?
5
Suppose -38*k + 33*k - 2*p + 272 = 0, -4*k = p - 220. Calculate the greatest common divisor of 21 and k.
7
Let a = -41 - -66. Suppose -a - 15 = -2*h. Suppose j - 17 = -5*l, -4*j = -2*l - 0*j + 20. Calculate the greatest common divisor of l and h.
4
Suppose 0*q + 1434 = 4*q - 2*z, -369 = -q - 3*z. Calculate the greatest common divisor of q and 3.
3
Let w be (12/(-9))/((-2)/3). Suppose w*m - 158 = 52. What is the greatest common factor of m and 42?
21
Suppose 47 + 32 = -3*j + 4*v, -2*j - 4*v - 26 = 0. Let l be (-16)/(-28)*j/(-6). Suppose -14 = -l*n + 16. What is the highest common factor of 15 and n?
15
Suppose 0 = -2*f + 9*f - 168. Suppose -326 = -10*i + f. Calculate the greatest common divisor of i and 7.
7
Suppose 20*v = 1283 + 957. What is the highest com